?
True
Suppose 5*d = -b + 10*d + 1922, b + 4*d - 1895 = 0. Is b a composite number?
False
Let r(g) = -6743*g - 342. Is r(-7) a prime number?
False
Suppose 31*n = 51*n - 261860. Is n a prime number?
True
Let y(v) = v**2 + 17*v + 2. Let w be y(-17). Suppose w*u - 102 = p + p, 4*p + 51 = u. Let i = -28 + u. Is i a prime number?
True
Let c(q) = 3*q**3 + 25*q**2 - 20*q - 26. Let h(d) = -2*d**3 - 13*d**2 + 10*d + 13. Let o be 2*(10/(-4) + 0). Let x(p) = o*h(p) - 3*c(p). Is x(9) prime?
False
Let z = -413 - -1266. Is z composite?
False
Let d(w) = 2*w**3 - 18*w**2 - w + 70. Is d(13) a composite number?
False
Suppose 8*t - 10*t = -586. Is t a prime number?
True
Let f(g) = 2*g**3 + 38*g**2 - g - 15. Let t be f(-19). Suppose 0 = v - 0*v + 3*l - 367, -v = -t*l - 346. Is v a prime number?
False
Suppose 36*j - 180219 = -3*j. Is j composite?
False
Let l(d) = 2*d**2 - 18*d - 13. Let n be l(14). Suppose 0 = 5*g + n - 512. Is g a prime number?
False
Let m = 1 + -6. Let j(h) = -20*h + 7. Let s be j(m). Let f = s - 48. Is f a prime number?
True
Suppose -5118 - 6763 = -3*g + 5*x, -2*g + 7914 = -5*x. Is g composite?
False
Suppose 0 = -2*j - 6, 2*u + 2*j = 3*j - 13. Let s(i) be the first derivative of -5*i**2/2 - 2*i - 1. Is s(u) prime?
False
Let h = 7532 - 5121. Is h prime?
True
Is (-9 + 8)/(((-3)/(-423))/(-1)) a composite number?
True
Suppose -11727 = -3*t + 2*b + 2*b, -2*b = -t + 3909. Is t a prime number?
False
Let z(o) = 6*o**2 + o + 1. Let w = -5 + 4. Let v be z(w). Suppose v*d = 3*d + 339. Is d prime?
True
Is (-2)/6*(-36)/(-12) - -97284 prime?
True
Suppose 39 = 4*b - 0*j + 3*j, 0 = 5*b - j - 63. Let x(i) = 10*i + 91. Is x(b) a composite number?
False
Let p be 7*(-3)/9*3. Is ((-93)/6)/(p/14) a prime number?
True
Suppose -j = 3*f - 61724, 5*f - 135839 = -3*j + 49321. Is j prime?
False
Let y(o) = 13973*o + 107. Is y(4) a composite number?
True
Is ((-44256)/9)/(-2) + (-17)/(-51) composite?
False
Suppose 0 = -4*x + 20 - 4. Is 69642/126 - 3/((-42)/x) prime?
False
Let l(s) = 622*s**2 - 16*s + 47. Is l(6) prime?
True
Let m(x) = 7*x**2 - 6*x + 1. Let h be ((-34)/(-6) + -5)*-18. Is m(h) a composite number?
True
Let v(n) = 18*n**3 - 8*n + 19. Is v(4) prime?
False
Suppose 5*x - 4 = 6. Let y be (3/(-2) + x)*0. Suppose -1 = -z - 4*w, y = -3*z - 3*w + 15 + 33. Is z composite?
True
Suppose 5*v + 0*v = -4*o + 641, 5*v - 164 = -o. Let x = -199 + 231. Suppose o - x = z. Is z composite?
False
Let n = -2 - -1. Let g be -26 - -3 - 2/n. Let d = g + 32. Is d a composite number?
False
Let r(v) = -v**3 + 13*v**2 + 15*v - 11. Let c be r(13). Suppose c = 5*f + u, -2*f + 4*u + 79 = -u. Is f a composite number?
False
Let r be 17 + (3 + -2)/(1/(-3)). Suppose 0 = 13*w - r*w + 487. Is w composite?
False
Let q(i) = 193573*i**2 - 23*i + 21. Is q(1) a composite number?
True
Let o = -1626 + 4858. Let g = o - -367. Is g a composite number?
True
Suppose -2*i = i - 3*l - 113001, -2*i + 75334 = 5*l. Is i prime?
False
Let y = 65 - 66. Is (-2 - 7756/8)/(y/2) a composite number?
True
Let f be 0*((-7)/(-2))/7. Suppose 4*n - 3805 = 2*b + 3*b, -4*n + 2*b + 3814 = f. Is n prime?
False
Suppose 12*s - 14130 + 2694 = 0. Is s a composite number?
False
Let s = 41 + -37. Is ((-26)/s)/((-5)/230) a composite number?
True
Let k = -23 + 39. Let o(n) = 10 - k + 3*n**2 + 2*n**2 + 6*n. Is o(5) a composite number?
False
Let z(k) = 15*k - 1. Let c be (24/(-14))/(10/(-35)). Let n be z(c). Let f = -52 + n. Is f composite?
False
Suppose -59*u + 81911 = -9126. Is u composite?
False
Is 15894/4 + (-38)/76 a prime number?
False
Let t(d) = 676*d - 271. Is t(12) composite?
False
Suppose -39 = -2*w - 7. Suppose b = 2*u + 4*b - 48, -2*u + 5*b + w = 0. Is -129*2/(u/(-15)) a composite number?
True
Let u(r) = -92*r + 63. Suppose 19 = -2*f - 13. Is u(f) composite?
True
Suppose -8*u - 7 = 25. Let y(p) = 120*p**2 - 5*p - 9. Is y(u) prime?
True
Let n be 58 - ((0 - 0) + -2). Suppose -3*r = -n - 309. Is (2 + r/2)*14 composite?
True
Suppose -4*r = -3*k - 5531, -5*k = 7*r - 4*r - 4112. Is r a prime number?
False
Suppose -4*l = a - 5*l - 4, -12 = -3*a - 2*l. Suppose 2*v = -3*c - 810, -a*c + 3*c + 1237 = -3*v. Let o = v + 592. Is o a prime number?
True
Suppose 4*z - 27 = -5*z. Suppose -d - 1982 = -z*d. Is d a composite number?
False
Suppose 3*u - 6180 = 4*s - 669, 2*s = -3*u + 5511. Suppose -4071 = -4*f + u. Is f composite?
True
Suppose -11 = -9*a + 484. Let f = -41 + a. Is f a prime number?
False
Let m(u) = u**2 + 14*u - 8. Let a be m(-15). Let g(l) = l - 4. Let k be g(a). Suppose -k*z + 5 = 17, 5*x = z + 1989. Is x prime?
True
Let r(o) = -3*o**3 - 10*o**2 - 25*o - 10. Let k be r(-11). Let b = k + -1357. Is b composite?
True
Let l(w) = -1 - 1 + 2*w + 3 + 0. Let g be l(1). Suppose 13 = j + g. Is j prime?
False
Let g(r) = r**2 + r + 4. Let q(j) = -j**2 + 6*j + 3. Let b be q(6). Suppose -5*k - 2*d + 0*d = 18, -20 = 4*k + b*d. Is g(k) prime?
False
Suppose -q - 1 + 10 = 0. Let r(y) = -y**2 + 12*y - 22. Let z be r(q). Suppose 0 = 3*i - s - 2*s - 1485, -4*s + 2493 = z*i. Is i a composite number?
True
Let z be 28/(-7) - (-50 - -1). Let k be (-37836)/z + (-2)/10. Let s = -332 - k. Is s composite?
False
Let b be (-2)/2 + 2 - -3. Suppose 14959 + 3978 = 29*a. Suppose -3*z + 0*t = -b*t - a, 4*z - 3*t - 866 = 0. Is z a composite number?
True
Let g(u) = -u**3 - 17*u**2 - 11*u - 9. Let d be g(-13). Let m = d - -1230. Let c = -475 + m. Is c composite?
True
Is (-163389)/(-12) + -4 + (-15)/(-12) a composite number?
False
Let j be 23 - (-3 - (-2 + -4)). Suppose 17 = u - j. Let d = u + -6. Is d composite?
False
Let t = -555 - -704. Is t a prime number?
True
Suppose 0 = -56*a - 21*a + 684145. Is a prime?
False
Let o(f) = -f**3 - 13*f**2 - 25*f + 61. Is o(-24) prime?
True
Let g(f) = -4*f + 44. Let s be g(13). Is 78/12*s*(-46)/8 a prime number?
False
Let q be ((-220)/(-4))/5 - 3. Let g = 45 + q. Is g prime?
True
Let j = 13 - 23. Let g(n) = n**3 + 13*n**2 - 2*n + 3. Let h be g(j). Let m = h + -210. Is m a prime number?
True
Let a = -155 + 2155. Let w be (-2)/(a/(-998) + 2). Suppose -2*y = -2*g + 652, -5*y = 4*g - w - 850. Is g composite?
False
Suppose -6 = -4*t + 2. Suppose 6*k - 8*k + 918 = 0. Suppose -t*g + k = -35. Is g composite?
True
Let q = 1755 - 1046. Is q composite?
False
Suppose 0 = -9*j + 15280 + 29873. Is j a composite number?
True
Let n(b) = 14*b**2 + 35*b + 41. Is n(-12) a composite number?
False
Let p = -613 + 2419. Let a = -5 - -9. Suppose -a*s = -0*q + 2*q - p, 0 = -q + s + 891. Is q prime?
False
Suppose -24375 = -12*l + 6885. Is l a composite number?
True
Suppose 4 = 2*d - 0. Suppose 5*o - 5 = 5*y, -2*o - 1 + 6 = -y. Suppose 0 = -5*p + y*p - d*k + 536, -545 = -2*p - 5*k. Is p a prime number?
False
Suppose 23*a - 25*a + h = -5225, a - 2*h - 2617 = 0. Is a prime?
False
Let a = -4950 - -13213. Is a composite?
False
Let z(f) = 46*f + 2. Let g be z(6). Let t = 1525 - 455. Suppose -4*a = -g - t. Is a a prime number?
True
Let y be 25/5 - 3*-1. Suppose -8 + 0 = 4*d + 4*f, -y = -4*f. Let z = 161 + d. Is z a prime number?
True
Suppose -10*q + 147462 = 32*q. Is q a composite number?
False
Suppose -2*z + z - 4913 = 3*g, 2*g + 3278 = -2*z. Let w = -646 - g. Is w a prime number?
True
Suppose -2*m + 30 = 3*m. Suppose d - 5 = m*d. Let u(z) = -433*z - 2. Is u(d) a prime number?
True
Suppose 15*p + 341 - 41 = 0. Let k = p - -537. Is k prime?
False
Suppose -w - 3*r - 14 = 0, -w - 3*w - 4 = -r. Is (1 - ((-6)/w + -3))*557 composite?
False
Let m(k) = -k**3 + 3*k**2 + k - 4. Let q be m(3). Let d be 1 + q + 1 - -230. Suppose -3*b - 9 + d = 0. Is b prime?
False
Suppose -5*m = 4*t - 128351, -3*m = -5*t - 77872 + 891. Is m prime?
True
Suppose 3*u + k = 5*u - 3, 0 = -4*u + 3*k + 9. Suppose -4*g - 792 + 3712 = 0. Suppose u = -2*n + 4*q + g, n - 2*q - 362 = q. Is n composite?
True
Let l = 236 + -111. Suppose 0 = -2*b - b + 3*t + 48, 0 = -5*b - 4*t + l. Is b composite?
True
Suppose -3*c + 3 = 0, 4*k = -9*c + 4*c + 41569. Is k composite?
False
Let o be 2/(-12) + 76/24. Suppose -4*x = -o*c - 6002, 0*x = -5*x + 4*c + 7503. Is x composite?
False
Let q(i) = -375*i - 11. Suppose 10 = -5*m - 55. Let n(b) = -188*b - 5. Let t(j) = m*n(j) + 6*q(j). Is t(3) composite?
True
Let a(x) = 10*x**2 - 111*x + 48. Is a(-35) a prime number?
True
Is -10 + 12 + 0 - (1 + -8976) a prime number?
False
